actor of 16 and 360.
8
What is the greatest common divisor of 21 and 273?
21
What is the highest common divisor of 15 and 160?
5
What is the highest common divisor of 14 and 250?
2
Calculate the greatest common factor of 496 and 93.
31
What is the greatest common divisor of 15 and 111?
3
What is the highest common divisor of 87 and 4988?
29
Calculate the highest common divisor of 2370 and 90.
30
Calculate the greatest common divisor of 207 and 36.
9
What is the highest common factor of 780 and 570?
30
What is the greatest common factor of 23 and 621?
23
Calculate the greatest common divisor of 5388 and 84.
12
What is the highest common factor of 496 and 279?
31
Calculate the greatest common divisor of 979 and 22.
11
What is the highest common divisor of 8 and 232?
8
Calculate the greatest common divisor of 62 and 1.
1
What is the greatest common factor of 99 and 22?
11
What is the highest common factor of 220 and 1012?
44
What is the highest common factor of 188 and 36989?
47
What is the greatest common divisor of 48 and 144?
48
What is the highest common divisor of 240 and 1464?
24
What is the highest common factor of 341 and 11?
11
Calculate the greatest common divisor of 19046 and 428.
214
Calculate the highest common divisor of 937 and 1.
1
What is the greatest common divisor of 15 and 3435?
15
Calculate the highest common factor of 159 and 7791.
159
What is the greatest common divisor of 2136 and 48?
24
Calculate the highest common divisor of 81 and 39.
3
Calculate the greatest common divisor of 209 and 11.
11
What is the greatest common factor of 2923 and 148?
37
Calculate the greatest common divisor of 82 and 4346.
82
Calculate the greatest common factor of 294 and 112.
14
What is the highest common factor of 63 and 7?
7
Calculate the greatest common divisor of 26 and 247.
13
Calculate the highest common factor of 133 and 38.
19
Calculate the greatest common factor of 4059 and 246.
123
What is the highest common divisor of 250 and 640?
10
What is the highest common factor of 660 and 1200?
60
Calculate the greatest common factor of 648 and 36.
36
What is the greatest common factor of 51 and 1003?
17
Calculate the highest common factor of 192 and 136.
8
What is the highest common divisor of 1230 and 60?
30
What is the highest common factor of 175 and 70?
35
What is the greatest common divisor of 20 and 2215?
5
What is the highest common factor of 33 and 1014?
3
What is the greatest common factor of 255 and 204?
51
Calculate the greatest common divisor of 201 and 134.
67
Calculate the highest common factor of 72 and 1125.
9
What is the greatest common factor of 30 and 3225?
15
Calculate the greatest common factor of 986 and 116.
58
What is the highest common divisor of 5 and 16?
1
What is the highest common divisor of 7606 and 2?
2
Calculate the greatest common factor of 770 and 220.
110
What is the greatest common divisor of 195 and 182?
13
Calculate the highest common divisor of 8 and 1528.
8
What is the greatest common divisor of 106 and 2438?
106
Calculate the greatest common divisor of 12 and 12004.
4
Calculate the highest common factor of 67 and 4891.
67
What is the greatest common divisor of 45 and 345?
15
What is the greatest common factor of 24769 and 155?
31
Calculate the greatest common divisor of 7 and 23.
1
What is the greatest common factor of 55 and 44?
11
What is the greatest common divisor of 16 and 536?
8
What is the highest common factor of 107 and 15087?
107
Calculate the highest common factor of 12 and 678.
6
What is the greatest common factor of 6 and 894?
6
Calculate the highest common factor of 672 and 252.
84
Calculate the highest common factor of 18258 and 102.
102
What is the highest common factor of 438 and 12921?
219
What is the highest common factor of 1267 and 42?
7
Calculate the highest common divisor of 336 and 168.
168
Calculate the greatest common factor of 216 and 16.
8
Calculate the highest common divisor of 2430 and 1701.
243
What is the highest common divisor of 161 and 184?
23
Calculate the highest common divisor of 589 and 2.
1
What is the highest common divisor of 295 and 10?
5
Calculate the highest common divisor of 105 and 35.
35
What is the greatest common divisor of 24 and 4200?
24
What is the greatest common factor of 13 and 9451?
13
Calculate the greatest common divisor of 616 and 112.
56
Calculate the highest common divisor of 182 and 210.
14
Calculate the greatest common divisor of 53 and 424.
53
What is the highest common factor of 11 and 209?
11
Calculate the highest common divisor of 3537 and 1458.
27
What is the highest common divisor of 70 and 1750?
70
What is the greatest common factor of 558 and 162?
18
What is the greatest common factor of 851 and 222?
37
What is the highest common factor of 1220 and 5124?
244
Calculate the greatest common divisor of 220 and 60500.
220
What is the highest common factor of 611 and 13?
13
Calculate the greatest common divisor of 348 and 204.
12
Calculate the greatest common factor of 7298 and 267.
89
What is the highest common divisor of 43 and 27176?
43
Calculate the greatest common divisor of 174 and 290.
58
Calculate the highest common factor of 1807 and 52.
13
What is the highest common divisor of 98 and 6398?
14
Calculate the highest common factor of 69 and 8579.
23
What is the greatest common factor of 833 and 51?
17
Calculate the greatest common factor of 36 and 45.
9
What is the highest common divisor of 896 and 21?
7
What is the highest common factor of 275 and 55?
55
What is the highest common factor of 13350 and 6?
6
What is the greatest common divisor of 280 and 3780?
140
Calculate the greatest common factor of 60 and 18.
6
What is the greatest common divisor of 218 and 27250?
218
What is the greatest common factor of 17 and 1411?
17
What is the highest common divisor of 548 and 3151?
137
Calculate the highest common divisor of 171 and 9.
9
Calculate the greatest common divisor of 10274 and 22.
22
What is the highest common factor of 4496 and 48?
16
Calculate the highest common divisor of 219 and 949.
73
What is the highest common divisor of 2115 and 5875?
235
Calculate the greatest common divisor of 47 and 752.
47
Calculate the highest common factor of 88 and 66.
22
What is the greatest common divisor of 196 and 1127?
49
Calculate the greatest common factor of 460 and 1090.
10
Calculate the greatest common divisor of 158 and 53404.
158
Calculate the greatest common factor of 10 and 430.
10
Calculate the greatest common divisor of 130 and 7735.
65
Calculate the highest common factor of 20 and 268.
4
Calculate the greatest common divisor of 7943 and 169.
169
Calculate the greatest common factor of 152 and 190.
38
Calculate the greatest common factor of 486 and 402.
6
Calculate the highest common factor of 189 and 168.
21
What is the highest common factor of 522 and 116?
58
Calculate the highest common factor of 8 and 104.
8
What is the highest common factor of 41 and 10?
1
What is the highest common factor of 44 and 65428?
44
Calculate the greatest common divisor of 8267 and 7.
7
Calculate the highest common divisor of 15 and 11220.
15
What is the greatest common factor of 49 and 3?
1
What is the highest common factor of 1032 and 216?
24
What is the greatest common divisor of 12 and 759?
3
Calculate the greatest common divisor of 24 and 36.
12
Calculate the greatest common divisor of 342 and 190.
38
What is the greatest common factor of 19 and 76?
19
What is the highest common divisor of 3339 and 18?
9
Calculate the greatest common factor of 207 and 23.
23
Calculate the greatest common factor of 891 and 44.
11
Calculate the highest common factor of 60 and 50.
10
Calculate the greatest common factor of 416 and 64.
32
Calculate the highest common factor of 1302 and 744.
186
Calculate the greatest common factor of 8 and 44.
4
What is the greatest common divisor of 13 and 208?
13
What is the highest common divisor of 67 and 2?
1
What is the greatest common factor of 352 and 33?
11
What is the highest common divisor of 30 and 390?
30
What is the greatest common divisor of 559 and 215?
43
What is the highest common divisor of 230 and 46?
46
What is the highest common divisor of 440 and 5?
5
What is the greatest common divisor of 30 and 80?
1